ided by j.
3
Let j = 11879 - 11462. Calculate the remainder when j is divided by 225.
192
Suppose 0 = 24*w - 247 - 9377. Suppose 4*u + 5*y = 313, -5*u + 14*y - 17*y + w = 0. What is the remainder when u is divided by 28?
26
Let j(b) = 4*b**2 + 50*b - 145. Let q(g) = 3*g**2 + 33*g - 97. Let t(f) = -5*j(f) + 7*q(f). Calculate the remainder when t(19) is divided by 32.
14
Let k(n) = -n**3 - 9*n**2 + 14*n + 18. Let z be k(-10). Suppose 6*a - 336 = 198. Let h = a + z. What is the remainder when h is divided by 18?
13
Calculate the remainder when 1088 is divided by (-528)/(-38) + 9 + (-169)/19.
10
Suppose -5*q + 48 = -7. Let t(y) = -y**3 + 13*y**2 - 10*y - 6. Let a be t(q). Suppose 0 = -4*w + 70 + a. What is the remainder when w is divided by 13?
10
Let x = -89951 - -90048. Let c(h) = -h**3 + h + 35. Calculate the remainder when x is divided by c(0).
27
Let w(n) = n**2 - 14*n + 19. Let r be w(24). Let p = 310 - r. What is the remainder when 354 is divided by p?
48
Let l(z) = -z**2 + 10*z - 12. Calculate the remainder when (2 - (6 - 22)) + -3 is divided by l(5).
2
Suppose -5*h = -2*u + 820, 4*u + 348 + 336 = -4*h. Let j = h - -171. What is the remainder when 24 is divided by j?
4
Suppose 4897 = -8*n + 12833. Calculate the remainder when n is divided by 11.
2
Let a = 4352 - 4243. Let l = 21 + 3. Calculate the remainder when a is divided by l.
13
Let w be (-5 + 2)*(-2)/3. Suppose 5*v = 3*q - 63, w*q - q = 2*v + 20. What is the remainder when 128 is divided by q?
24
Suppose 19*h + 2*h = -18*h + 82134. Calculate the remainder when h is divided by 32.
26
Let n(b) = b + 223. What is the remainder when n(0) is divided by (-70)/3*(-30)/25?
27
Let c be -4*15/20 - (-634 + 0). Suppose 8*f - c = -215. What is the remainder when 106 is divided by f?
2
Let f = -365 - -365. Suppose -29*h + 47*h - 486 = f. What is the remainder when 103 is divided by h?
22
Suppose -6 = -2*w, 5*m + 2*w = 4199 - 968. Calculate the remainder when m is divided by 212.
9
What is the remainder when 293 is divided by 16/184 + 10592/24*75/230?
5
Suppose -7233 - 3477 = -35*z. What is the remainder when z is divided by 87?
45
Let r = 10389 + -10385. Calculate the remainder when 20*((-1)/2 - -1) is divided by r.
2
Let y(r) = 3*r - 63. Let v be y(21). Suppose 2*b - 180 + 46 = v. Calculate the remainder when b is divided by 35.
32
Let i = -30 + 63. Suppose 4*h = -5*t - 251, 0*h - 3*h - 2*t = 183. Let a = -40 - h. What is the remainder when i is divided by a?
14
Suppose 56792 = -92*r + 154*r. Calculate the remainder when r is divided by 227.
8
Let j = 34 + -22. Let t = -102 + 99. What is the remainder when (0/1 + t)*69/(-9) is divided by j?
11
Let f(b) = b**2 + 86*b + 342. Calculate the remainder when f(-92) is divided by 22.
14
Let s = 1038 - -384. What is the remainder when s is divided by 25?
22
Suppose 0 = 18*f - 9240 - 13253 + 3395. What is the remainder when f is divided by 15?
11
Let p = 11986 + -11816. Calculate the remainder when 533 is divided by p.
23
Let t(x) = -3*x**2 - 246*x - 3. Calculate the remainder when t(-78) is divided by 19.
2
Suppose 0 = 2*p + p - 135. What is the remainder when (2/6 + 4/6)/((-9)/(-1494)) is divided by p?
31
Let m(d) = -d**3 + 12*d**2 + 45*d + 29. Suppose 0 = -3*v - 4*h + 25, 25 = 18*h - 23*h. What is the remainder when 76 is divided by m(v)?
18
Suppose 622 = 38*i - 442. Let d be -3 + 1 + 2*3. Let m(w) = w**2 + w - 3. Calculate the remainder when i is divided by m(d).
11
Let l be (-1*3)/((-270)/(-180)). Calculate the remainder when 209 is divided by (-69)/(-138) + (-105)/l.
50
Let n = 609 + -605. What is the remainder when 67 is divided by (222/24)/((-2)/n)*-2?
30
Let m = 51 + -54. Let a be (2 + -33)/(-1) + m. Suppose 2*q + 4*i + 4 - 32 = 0, 3*i = -2*q + a. What is the remainder when 82 is divided by q?
12
Let v(k) = 2*k**2 - k + 2. Let w be v(0). Suppose -w*q - 58 = -544. What is the remainder when q is divided by 35?
33
Let t(i) = 45*i**2 - 42*i - 1. Calculate the remainder when 293 is divided by t(3).
15
Suppose -2706 + 8088 = 26*g. What is the remainder when 425 is divided by g?
11
Suppose 0 = -4*s + 1413 + 2115. Let f be (s/(-15))/(4/(-20)). Suppose 2*p + 3*p - 363 = -k, 4*p - k - f = 0. Calculate the remainder when p is divided by 15.
13
Let h = -2144 + 2226. What is the remainder when h is divided by 45?
37
Let o(g) = 8*g**2 + 4*g + 3. Calculate the remainder when (1422/(-45))/((-232)/580) is divided by o(-2).
25
Suppose 30*h - 3432 = -3*u + 26*h, -5*h = -2*u + 2265. What is the remainder when u is divided by 144?
132
What is the remainder when 1008 is divided by 12*((-923)/78 - -11) + 58?
0
Let w = 590 + -590. Suppose -530*a + 536*a - 360 = w. What is the remainder when a is divided by 7?
4
Suppose 0 = -3*g + 1259 + 1120. Let n be (-2)/(-4) + g/26. Suppose -y = y + 5*a - n, -y + 10 = -3*a. What is the remainder when 75 is divided by y?
10
Suppose v - 43 = -2*s + 115, 2*s + 2 = 0. Suppose 22*m - v - 148 = 0. Calculate the remainder when 40 is divided by m.
12
Let h = 298 - 298. Suppose -4*x = -h*x + 2*r - 30, 23 = 4*x - 5*r. What is the remainder when (-2)/(-9) - (-1166)/99 is divided by x?
5
Let j(m) = -m**3 + 6*m**2 - 2*m + 1. Let o(q) = -2*q + 45. Let v be o(17). Let z = 17 - v. Calculate the remainder when j(5) is divided by z.
4
Let w = -6639 - -6932. Calculate the remainder when w is divided by 44.
29
Let x = 113 + -101. Suppose -o = 3*o - x. Calculate the remainder when 26 is divided by o.
2
Suppose 980 = -12*p + 40*p. Suppose -5 = 5*u - 20. Suppose -u*n = -0*x - 4*x - 44, -3*x + 54 = 5*n. What is the remainder when p is divided by n?
11
Let i = 8795 - 4725. What is the remainder when i is divided by 34?
24
Suppose 10*t = 108*t + 58*t - 83148. What is the remainder when t is divided by 6?
5
Let o = 75 - 66. Suppose 0 = 3*r - 2*f - 124, 3*f = r - 33 - 6. Calculate the remainder when r is divided by o.
6
Let n = -8328 + 9526. Calculate the remainder when n is divided by 1.
0
Let h = -508 - -776. Let c(n) = -39443*n + 276111. Calculate the remainder when (3/(-6))/((-2)/h) is divided by c(7).
7
Let a(i) = 6*i**2 + 19*i + i**3 - 2*i**3 + 0*i**3. Let c = 3812 + -3804. What is the remainder when 46 is divided by a(c)?
22
Let p(l) = 6*l**2 + 686*l - 416. What is the remainder when 363 is divided by p(-115)?
11
Suppose 4*j = -5*z + 44301, -2*j + 22903 + 12545 = 4*z. What is the remainder when z is divided by 28?
17
What is the remainder when (16762/1445)/((-2)/(-20)) is divided by -1 + 1 + (-13)/(-1)?
12
Suppose 0 = i - 5*f - 18, -20 + 94 = 3*i + 5*f. What is the remainder when i is divided by (-30 - -32) + -18 + 29?
10
Let q(a) = 2*a + 10. Let k(p) = p - 1. Let b(g) = -3*k(g) + q(g). Calculate the remainder when b(-1) is divided by 7.
0
What is the remainder when 233 is divided by (-4*1)/(-2) - 2 - 20280/(-120)?
64
Let w = -1799 - -1807. What is the remainder when 10789 is divided by w?
5
Suppose 0 = -u + 2*u - 104. What is the remainder when u is divided by (1 - 9 - (-140 - -22))/2?
49
Let h = 4355 - 2276. What is the remainder when h is divided by 6?
3
Let w = -81 + 87. Suppose -w*p = 35 - 149. What is the remainder when 131 is divided by p?
17
Let u(n) = -22*n + 1690. What is the remainder when u(61) is divided by 71?
64
Suppose 279*r = 277*r + 242. Calculate the remainder when r is divided by 23.
6
Let t(a) = -a**2 + 94*a - 7. Calculate the remainder when t(80) is divided by 93.
90
Calculate the remainder when 1027 is divided by (-576)/(-504) + -1189*1/(-7).
1
Calculate the remainder when ((-40741)/(-393))/(2/30) is divided by 24.
19
Suppose 5*m - 53 = -g, 3*g - 316 = -2*m - 53. Calculate the remainder when 219 is divided by g.
33
Let r = 3409 + -3381. What is the remainder when 309 is divided by r?
1
Let u = 46 - 44. Suppose 6*k - u*k = 5*p - 159, p = 5*k + 15. Let o = -12 + p. What is the remainder when 89 is divided by o?
20
Let x(p) = -p**3 + 6*p**2 - 22. Let m be x(5). Suppose -12 = 4*q, 2*n + m*q = 13 + 24. What is the remainder when n is divided by 13?
10
Let v(k) = -12*k - 132. Let b be v(-18). Suppose -f = -5*t - 114, f - 93 = -0*f - 2*t. Let s = f - b. What is the remainder when 89 is divided by s?
14
Let h be ((-66)/(-9))/((14/48)/(-7)). Suppose -11 = -4*l + 33. Calculate the remainder when l is divided by 3/(-2)*h/66.
3
Suppose -3